{"id":410,"date":"2016-06-17T17:18:33","date_gmt":"2016-06-17T15:18:33","guid":{"rendered":"http:\/\/weragmbh.ch\/?page_id=410"},"modified":"2019-11-05T17:31:37","modified_gmt":"2019-11-05T16:31:37","slug":"mauerkragen","status":"publish","type":"page","link":"https:\/\/fuge-technik.ch\/handel\/mauerkragen\/","title":{"rendered":"Mauerkragen"},"content":{"rendered":"<div id=\"pl-410\"  class=\"panel-layout\" ><div id=\"pg-410-0\"  class=\"panel-grid panel-no-style\" ><div id=\"pgc-410-0-0\"  class=\"panel-grid-cell\" ><div id=\"panel-410-0-0-0\" class=\"so-panel widget widget_text panel-first-child panel-last-child\" data-index=\"0\" >\t\t\t<div class=\"textwidget\"><img decoding=\"async\" class=\"alignleft\" src=\"http:\/\/www.sgm-online.de\/img\/rohrzubehoer\/pic_06.png\" alt=\"\" \/><\/div>\n\t\t<\/div><\/div><div id=\"pgc-410-0-1\"  class=\"panel-grid-cell\" ><div id=\"panel-410-0-1-0\" class=\"so-panel widget widget_text panel-first-child panel-last-child\" data-index=\"1\" >\t\t\t<div class=\"textwidget\"><p><strong>Grosse Auswahl an Mauerkragen<\/strong><br \/>\n&nbsp;<br \/>\nsgm Mauerkragen werden \u00fcberall dort eingesetzt, wo Rohrleitungen durch W\u00e4nde, Mauerwerke und Bodenplatten gef\u00fchrt werden m\u00fcssen.<\/p>\n<p>Bei dr\u00fcckendem Wasser sch\u00fctzt der Mauerkragen Geb\u00e4ude vor eindringender Feuchtigkeit.<\/p>\n<p>Mauerkragen dichten Rohre und Leitungen aus Stahl, Kunststoff, Faserzement, Steinzeug und Guss sicher ab.<\/p>\n<\/div>\n\t\t<\/div><\/div><\/div><div id=\"pg-410-1\"  class=\"panel-grid panel-no-style\" ><div id=\"pgc-410-1-0\"  class=\"panel-grid-cell\" ><div id=\"panel-410-1-0-0\" class=\"so-panel widget widget_text panel-first-child panel-last-child\" data-index=\"2\" >\t\t\t<div class=\"textwidget\"><p>Mehr Details finden Sie im <a href=\"http:\/\/fuge-technik.ch\/handel\/wp-content\/uploads\/2019\/11\/Mauerkragen-Flyer.pdf\" target=\"_blank\">PDF-Flyer<\/a><\/p>\n<\/div>\n\t\t<\/div><\/div><\/div><\/div>","protected":false},"excerpt":{"rendered":"Grosse Auswahl an Mauerkragen &nbsp; sgm Mauerkragen werden \u00fcberall dort eingesetzt, wo Rohrleitungen durch W\u00e4nde, Mauerwerke und Bodenplatten gef\u00fchrt werden m\u00fcssen. Bei dr\u00fcckendem \n<a class=\"moretag\" href=\"https:\/\/fuge-technik.ch\/handel\/mauerkragen\/\"> <\/a>","protected":false},"author":3,"featured_media":0,"parent":0,"menu_order":0,"comment_status":"closed","ping_status":"closed","template":"","meta":{"footnotes":""},"class_list":["post-410","page","type-page","status-publish","hentry"],"_links":{"self":[{"href":"https:\/\/fuge-technik.ch\/handel\/wp-json\/wp\/v2\/pages\/410","targetHints":{"allow":["GET"]}}],"collection":[{"href":"https:\/\/fuge-technik.ch\/handel\/wp-json\/wp\/v2\/pages"}],"about":[{"href":"https:\/\/fuge-technik.ch\/handel\/wp-json\/wp\/v2\/types\/page"}],"author":[{"embeddable":true,"href":"https:\/\/fuge-technik.ch\/handel\/wp-json\/wp\/v2\/users\/3"}],"replies":[{"embeddable":true,"href":"https:\/\/fuge-technik.ch\/handel\/wp-json\/wp\/v2\/comments?post=410"}],"version-history":[{"count":6,"href":"https:\/\/fuge-technik.ch\/handel\/wp-json\/wp\/v2\/pages\/410\/revisions"}],"predecessor-version":[{"id":866,"href":"https:\/\/fuge-technik.ch\/handel\/wp-json\/wp\/v2\/pages\/410\/revisions\/866"}],"wp:attachment":[{"href":"https:\/\/fuge-technik.ch\/handel\/wp-json\/wp\/v2\/media?parent=410"}],"curies":[{"name":"wp","href":"https:\/\/api.w.org\/{rel}","templated":true}]}}