{"id":31,"date":"2015-12-21T17:04:46","date_gmt":"2015-12-21T16:04:46","guid":{"rendered":"http:\/\/web67.506.hosttech.eu\/wera-gmbh\/wp\/?page_id=31"},"modified":"2019-11-05T17:02:32","modified_gmt":"2019-11-05T16:02:32","slug":"gleitkufen","status":"publish","type":"page","link":"https:\/\/fuge-technik.ch\/handel\/gleitkufen\/","title":{"rendered":"Gleitkufen&#8230;&#8230;&#8230;&#8220;um&#8217;s Ganze herum&#8220;"},"content":{"rendered":"<div id=\"pl-31\"  class=\"panel-layout\" ><div id=\"pg-31-0\"  class=\"panel-grid panel-no-style\" ><div id=\"pgc-31-0-0\"  class=\"panel-grid-cell\" ><div id=\"panel-31-0-0-0\" class=\"so-panel widget widget_text panel-first-child panel-last-child\" data-index=\"0\" >\t\t\t<div class=\"textwidget\"><p><img decoding=\"async\" class=\"alignleft\" src=\"http:\/\/www.sgm-online-de.de\/img\/gleitkufen\/pic_MF.png\" \/><strong>METALLFREIE GLEITKUFEN <i>MF<\/i><\/strong><\/p>\n<p>MF micro<br \/>\nMF mini<br \/>\nMF midi<br \/>\nMF medi<br \/>\nMF maxi<br \/>\nMF maxi 0,5<\/p>\n<p><b>Kurzbeschreibung<\/b><\/p>\n<p>MF Gleitkufen (MF = metallfrei) eignen sich hervorragend f\u00fcr kathodisch gesch\u00fctzte Rohrleitungen.<\/p>\n<p>Die patentierte Konstruktion garantiert k\u00fcrzeste Montagezeiten, ohne Schraubverbindungen oder zus\u00e4tzliches Spannwerkzeug. Die Segmente werden durch die Kunststoffzunge miteinander verbunden und verspannt. Die formschl\u00fcssige Verbindung ist hoch belastbar.<\/p>\n<p>Mit nur 6 unterschiedlichen Segmentgr\u00f6ssen - micro, mini, midi, medi, maxi und maxi 0,5 - lassen sich alle Rohrdurchmesser ab DN 15 best\u00fccken.<\/p>\n<p>Mehr Details finden Sie im <a href=\"http:\/\/fuge-technik.ch\/handel\/wp-content\/uploads\/2016\/12\/Gleitkufen_MF.pdf\" target=\"_blank\">PDF-Flyer<\/a><\/p>\n<hr>\n<\/div>\n\t\t<\/div><\/div><\/div><div id=\"pg-31-1\"  class=\"panel-grid panel-no-style\" ><div id=\"pgc-31-1-0\"  class=\"panel-grid-cell\" ><div id=\"panel-31-1-0-0\" class=\"so-panel widget widget_text panel-first-child panel-last-child\" data-index=\"1\" >\t\t\t<div class=\"textwidget\"><p><img decoding=\"async\" class=\"alignleft\" src=\"http:\/\/www.sgm-online-de.de\/img\/gleitkufen\/pic_GK.png\" \/><strong>GLEITKUFEN <i>GK<\/i><\/strong><\/p>\n<p>GK 1<br \/>\nGK 2<br \/>\nGK 3<\/p>\n<p><b>Kurzbeschreibung<\/b><\/p>\n<p>GK Gleitkufen eignen sich f\u00fcr alle Rohre von 98 - 500 mm Durchmesser.<\/p>\n<p>Mit nur 3 Segmentgr\u00f6ssen - GK 1, GK 2 und GK 3 - lassen sich die unterschiedlichen Rohrdurchmesser best\u00fccken, d.h. es ist nur eine geringe Lagerhaltung erforderlich.<\/p>\n<p>Durch den zur\u00fcckgesetzten Mittelsteg sind die Schraubverbindungen leicht zug\u00e4nglich, die Montagezeit wird verk\u00fcrzt.<\/p>\n<p>Mit der Gr\u00f6sse GK 3 l\u00e4\u00dft sich die Anzahl der Segmente pro Ring reduzieren, so dass weniger \"Schraubarbeit\" anf\u00e4llt.<\/p>\n<p>Mehr Details finden Sie im <a href=\"http:\/\/fuge-technik.ch\/handel\/wp-content\/uploads\/2016\/12\/Gleitkufen_GK.pdf\" target=\"_blank\">PDF-Flyer<\/a><\/p>\n<hr>\n<\/div>\n\t\t<\/div><\/div><\/div><div id=\"pg-31-2\"  class=\"panel-grid panel-no-style\" ><div id=\"pgc-31-2-0\"  class=\"panel-grid-cell\" ><div id=\"panel-31-2-0-0\" class=\"so-panel widget widget_text panel-first-child panel-last-child\" data-index=\"2\" >\t\t\t<div class=\"textwidget\"><p><img decoding=\"async\" class=\"alignleft\" src=\"http:\/\/www.sgm-online-de.de\/img\/gleitkufen\/pic_MSG.png\" \/><strong>GLEITKUFEN <i>MSG<\/i><\/strong><\/p>\n<p>MSG 1<br \/>\nMSG 1,5<br \/>\nGleitkufen f\u00fcr grosse Rohrdurchmesser ab 350 mm<\/p>\n<p><b>Kurzbeschreibung<\/b><\/p>\n<p>MSG Gleitkufen eignen sich f\u00fcr Rohrdurchmesser ab 350 mm.<\/p>\n<p>Pro Ring sind nur wenige Segmente erforderlich. Durch die Gr\u00f6sse MSG 1,5 l\u00e4sst sich die Anzahl der Segmente pro Ring weiter reduzieren, so dass deutlich weniger \"Schraubarbeit\" anf\u00e4llt.<\/p>\n<p>Die Schraubstege sind niedriger als die Gleitstege und haben keine tragende Funktion. MSG Gleitkufen erhalten somit eine h\u00f6here Tragkraft und Belastbarkeit.<\/p>\n<p>MSG Gleitkufen zeichnen sich durch h\u00f6chste Stabilit\u00e4t aus, da jedes Segment 2 Gleitstege besitzt und besonders stark dimensioniert ist.<\/p>\n<p>Mehr Details finden Sie im <a href=\"http:\/\/fuge-technik.ch\/handel\/wp-content\/uploads\/2016\/12\/Gleitkufen_MSG.pdf\" target=\"_blank\">PDF-Flyer<\/a><\/p>\n<hr>\n<\/div>\n\t\t<\/div><\/div><\/div><div id=\"pg-31-3\"  class=\"panel-grid panel-no-style\" ><div id=\"pgc-31-3-0\"  class=\"panel-grid-cell\" ><div id=\"panel-31-3-0-0\" class=\"so-panel widget widget_text panel-first-child panel-last-child\" data-index=\"3\" >\t\t\t<div class=\"textwidget\"><p><img decoding=\"async\" class=\"alignleft\" src=\"http:\/\/www.sgm-online-de.de\/img\/gleitkufen\/pic_HS.png\" \/><strong>GLEITKUFEN <i>HS<\/i> (Halbschale)<\/strong><\/p>\n<p><b>Kurzbeschreibung<\/b><\/p>\n<p>Konventionelle Gleitkufe, bestehend aus zwei, dem jeweiligen Rohrdurchmesser exakt angepassten Halbschalen.<\/p>\n<p>Kurze Montagezeiten, da pro Gleitkufenring nur 4 Schrauben erforderlich sind.<\/p>\n<p>Schrauben aus V2A. Auf Wunsch auch mit Kunststoffschrauben.<\/p>\n<p>Mehr Details finden Sie im <a href=\"http:\/\/fuge-technik.ch\/handel\/wp-content\/uploads\/2016\/12\/Gleitkufen_HS.pdf\" target=\"_blank\">PDF-Flyer<\/a><\/p>\n<p>&nbsp;<br \/>\n&nbsp;<br \/>\n&nbsp;<br \/>\n&nbsp;<\/p>\n<hr>\n<\/div>\n\t\t<\/div><\/div><\/div><div id=\"pg-31-4\"  class=\"panel-grid panel-no-style\" ><div id=\"pgc-31-4-0\"  class=\"panel-grid-cell\" ><div id=\"panel-31-4-0-0\" class=\"so-panel widget widget_text panel-first-child panel-last-child\" data-index=\"4\" >\t\t\t<div class=\"textwidget\"><p><img decoding=\"async\" class=\"alignleft\" src=\"http:\/\/www.sgm-online-de.de\/img\/gleitkufen\/pic_MS.png\" \/><strong>GLEITKUFEN <i>MS<\/i><\/strong><\/p>\n<p>MS 1<br \/>\nMS 2<\/p>\n<p><b>Kurzbeschreibung<\/b><\/p>\n<p>Konventionelle Gleitkufe in geschraubter Segmentbauweise.<\/p>\n<p>Segmente mit 1 Gleit- und 2 Gleit-Schraubstegen. Gleiche H\u00f6he von Gleit- und Schraubsteg.<\/p>\n<p>Mit nur zwei Gr\u00f6\u00dfen lassen sich Rohrdurchmesser von 352 bis \u221e mm best\u00fccken, daher nur geringe Lagerhaltung erforderlich.<\/p>\n<p>Schrauben aus V2A. Auf Wunsch auch mit Kunststoff-Schrauben.<\/p>\n<p>Die Gr\u00f6\u00dfen MS und MS 2 k\u00f6nnen beliebig miteinander kombiniert werden. Die Verbindung der Segmente erfolgt durch je 3 Schrauben.<\/p>\n<p>Mehr Details finden Sie im <a href=\"http:\/\/fuge-technik.ch\/handel\/wp-content\/uploads\/2016\/12\/Gleitkufen_MS.pdf\" target=\"_blank\">PDF-Flyer<\/a><\/p>\n<hr>\n<\/div>\n\t\t<\/div><\/div><\/div><div id=\"pg-31-5\"  class=\"panel-grid panel-no-style\" ><div id=\"pgc-31-5-0\"  class=\"panel-grid-cell\" ><div id=\"panel-31-5-0-0\" class=\"so-panel widget widget_text panel-first-child panel-last-child\" data-index=\"5\" >\t\t\t<div class=\"textwidget\"><p><img decoding=\"async\" class=\"alignleft\" src=\"http:\/\/www.sgm-online-de.de\/img\/gleitkufen\/pic_S.png\" \/><strong>STAHL-GLEITKUFENRINGE<\/strong><\/p>\n<p>Je nach Einsatzbedingung:<\/p>\n<p> - ohne Korrossionsschutz<br \/>\n - aus feuerverzinktem Stahl<br \/>\n - aus rostfreiem Stahl<br \/>\n - mit Kunststoff-Beschichtung<\/p>\n<p><b>Kurzbeschreibung<\/b><\/p>\n<p>sgm Stahl-Gleitkufenringe werden dort eingesetzt wo:<\/p>\n<p> - Der Durchmesser zwischen Mantel- und Medienrohr so gro\u00df ist, dass die Stegh\u00f6he von Kunststoff-Gleitkufen nicht mehr ausreicht<br \/>\n - Die thermische Beanspruchung keine Kunststoff-Gleitkufen zul\u00e4sst<br \/>\n - Mehrere Rohre in einem Mantelrohr verlegt werden m\u00fcssen<\/p>\n<p>Mehr Details finden Sie im <a href=\"http:\/\/fuge-technik.ch\/handel\/wp-content\/uploads\/2016\/12\/Stahl-Gleitkufenringe.pdf\" target=\"_blank\">PDF-Flyer<\/a><\/p>\n<hr>\n<p>Informationen zur Montage: <a href=\"http:\/\/fuge-technik.ch\/handel\/wp-content\/uploads\/2019\/11\/Montageanleitung-deutsch-1.pdf\" target=\"_blank\"><b>Montageanleitung<\/b><\/a><\/p>\n<\/div>\n\t\t<\/div><\/div><\/div><\/div>","protected":false},"excerpt":{"rendered":"METALLFREIE GLEITKUFEN MF MF micro MF mini MF midi MF medi MF maxi MF maxi 0,5 Kurzbeschreibung MF Gleitkufen (MF = metallfrei) eignen \n<a class=\"moretag\" href=\"https:\/\/fuge-technik.ch\/handel\/gleitkufen\/\"> <\/a>","protected":false},"author":3,"featured_media":0,"parent":0,"menu_order":0,"comment_status":"closed","ping_status":"closed","template":"","meta":{"footnotes":""},"class_list":["post-31","page","type-page","status-publish","hentry"],"_links":{"self":[{"href":"https:\/\/fuge-technik.ch\/handel\/wp-json\/wp\/v2\/pages\/31","targetHints":{"allow":["GET"]}}],"collection":[{"href":"https:\/\/fuge-technik.ch\/handel\/wp-json\/wp\/v2\/pages"}],"about":[{"href":"https:\/\/fuge-technik.ch\/handel\/wp-json\/wp\/v2\/types\/page"}],"author":[{"embeddable":true,"href":"https:\/\/fuge-technik.ch\/handel\/wp-json\/wp\/v2\/users\/3"}],"replies":[{"embeddable":true,"href":"https:\/\/fuge-technik.ch\/handel\/wp-json\/wp\/v2\/comments?post=31"}],"version-history":[{"count":5,"href":"https:\/\/fuge-technik.ch\/handel\/wp-json\/wp\/v2\/pages\/31\/revisions"}],"predecessor-version":[{"id":862,"href":"https:\/\/fuge-technik.ch\/handel\/wp-json\/wp\/v2\/pages\/31\/revisions\/862"}],"wp:attachment":[{"href":"https:\/\/fuge-technik.ch\/handel\/wp-json\/wp\/v2\/media?parent=31"}],"curies":[{"name":"wp","href":"https:\/\/api.w.org\/{rel}","templated":true}]}}