{"id":28,"date":"2015-12-21T17:03:51","date_gmt":"2015-12-21T16:03:51","guid":{"rendered":"http:\/\/web67.506.hosttech.eu\/wera-gmbh\/wp\/?page_id=28"},"modified":"2019-11-05T17:29:56","modified_gmt":"2019-11-05T16:29:56","slug":"mauerhuelsen","status":"publish","type":"page","link":"https:\/\/fuge-technik.ch\/handel\/mauerhuelsen\/","title":{"rendered":"Mauerh\u00fclsen&#8230;&#8230;&#8230;&#8220;von Anfang an dabei&#8220;"},"content":{"rendered":"<div id=\"pl-28\"  class=\"panel-layout\" ><div id=\"pg-28-0\"  class=\"panel-grid panel-no-style\" ><div id=\"pgc-28-0-0\"  class=\"panel-grid-cell\" ><div id=\"panel-28-0-0-0\" class=\"so-panel widget widget_text panel-first-child panel-last-child\" data-index=\"0\" >\t\t\t<div class=\"textwidget\"><p><img decoding=\"async\" class=\"alignleft\" src=\"http:\/\/www.sgm-online-de.de\/img\/rohrzubehoer\/pic_05.png\" \/><strong>MAUERH\u00dcLSEN<\/strong><\/p>\n<p>Mauerh\u00fclsen verschiedener Materialien werden dort in Bauwerke einbetoniert, wo sp\u00e4ter Rohrleitungen durch Mauern gef\u00fchrt werden sollen.<\/p>\n<p>Mauerh\u00fclsen aus<\/p>\n<p> - Faserzement<br \/>\n - Stahl<br \/>\n - VA-Stahl<br \/>\n - Sonderanfertigungen aus Stahl\/VA<\/p>\n<p><b>Montagehinweis:<\/b><br \/>\nBitte verwenden Sie zur 100%-igen Abdichtung des Raumes zwischen Rohr und Mauerh\u00fclse sgm <a href=\"http:\/\/www.fuge-technik.ch\/handel\/ringraumdichtungen\" target=\"_blank\">Ringraumdichtungen<\/a>.<\/p>\n<p>Mehr Details finden Sie im <a href=\"http:\/\/fuge-technik.ch\/handel\/wp-content\/uploads\/2016\/12\/Mauerh\u00fclsen.pdf\" target=\"_blank\">PDF-Flyer<\/a><\/p>\n<hr>\n<\/div>\n\t\t<\/div><\/div><\/div><div id=\"pg-28-1\"  class=\"panel-grid panel-no-style\" ><div id=\"pgc-28-1-0\"  class=\"panel-grid-cell\" ><div id=\"panel-28-1-0-0\" class=\"so-panel widget widget_text panel-first-child panel-last-child\" data-index=\"1\" >\t\t\t<div class=\"textwidget\"><p><img decoding=\"async\" class=\"alignleft\" src=\"http:\/\/www.sgm-online-de.de\/img\/rohrzubehoer\/pic_05_2.png\" \/><strong>FUTTERROHRE<\/strong><\/p>\n<p>Futterrohr mit au\u00dfen aufgerauter fasriger Struktur, innen glatt.<\/p>\n<p>Zum Einbetonieren und Einmauern.<\/p>\n<p>Stabil, bruchsicher, leicht, kosteng\u00fcnstig.<\/p>\n<p>Mehr Details finden Sie im <a href=\"http:\/\/fuge-technik.ch\/handel\/wp-content\/uploads\/2019\/11\/Futterrohre.pdf\" target=\"_blank\">PDF-Flyer<\/a><\/p>\n<hr>\n<\/div>\n\t\t<\/div><\/div><\/div><\/div>","protected":false},"excerpt":{"rendered":"MAUERH\u00dcLSEN Mauerh\u00fclsen verschiedener Materialien werden dort in Bauwerke einbetoniert, wo sp\u00e4ter Rohrleitungen durch Mauern gef\u00fchrt werden sollen. Mauerh\u00fclsen aus &#8211; Faserzement &#8211; Stahl \n<a class=\"moretag\" href=\"https:\/\/fuge-technik.ch\/handel\/mauerhuelsen\/\"> <\/a>","protected":false},"author":3,"featured_media":0,"parent":0,"menu_order":0,"comment_status":"closed","ping_status":"closed","template":"","meta":{"footnotes":""},"class_list":["post-28","page","type-page","status-publish","hentry"],"_links":{"self":[{"href":"https:\/\/fuge-technik.ch\/handel\/wp-json\/wp\/v2\/pages\/28","targetHints":{"allow":["GET"]}}],"collection":[{"href":"https:\/\/fuge-technik.ch\/handel\/wp-json\/wp\/v2\/pages"}],"about":[{"href":"https:\/\/fuge-technik.ch\/handel\/wp-json\/wp\/v2\/types\/page"}],"author":[{"embeddable":true,"href":"https:\/\/fuge-technik.ch\/handel\/wp-json\/wp\/v2\/users\/3"}],"replies":[{"embeddable":true,"href":"https:\/\/fuge-technik.ch\/handel\/wp-json\/wp\/v2\/comments?post=28"}],"version-history":[{"count":5,"href":"https:\/\/fuge-technik.ch\/handel\/wp-json\/wp\/v2\/pages\/28\/revisions"}],"predecessor-version":[{"id":864,"href":"https:\/\/fuge-technik.ch\/handel\/wp-json\/wp\/v2\/pages\/28\/revisions\/864"}],"wp:attachment":[{"href":"https:\/\/fuge-technik.ch\/handel\/wp-json\/wp\/v2\/media?parent=28"}],"curies":[{"name":"wp","href":"https:\/\/api.w.org\/{rel}","templated":true}]}}